{"id":16,"date":"2023-07-27T11:19:25","date_gmt":"2023-07-27T11:19:25","guid":{"rendered":"https:\/\/www.sportfreunde-wvv.de\/?page_id=16"},"modified":"2026-05-04T11:33:31","modified_gmt":"2026-05-04T11:33:31","slug":"tennis","status":"publish","type":"page","link":"https:\/\/www.sportfreunde-wvv.de\/?page_id=16","title":{"rendered":"Tennis"},"content":{"rendered":"\n<h3 class=\"wp-block-heading\">Kontakt und weitere Informationen:<\/h3>\n\n\n\n<p>Melden Sie sich pers\u00f6nlich bei Robert H\u00fcbner, G\u00fcnther Wedel oder unter:<\/p>\n\n\n\n<p>Email: Robert_Huebner@t-online.de<\/p>\n\n\n\n<p><\/p>\n","protected":false},"excerpt":{"rendered":"<p>Kontakt und weitere Informationen: Melden Sie sich pers\u00f6nlich bei Robert H\u00fcbner, G\u00fcnther Wedel oder unter: Email: Robert_Huebner@t-online.de<\/p>\n","protected":false},"author":2,"featured_media":0,"parent":0,"menu_order":0,"comment_status":"closed","ping_status":"closed","template":"","meta":{"footnotes":""},"class_list":["post-16","page","type-page","status-publish","hentry","entry"],"_links":{"self":[{"href":"https:\/\/www.sportfreunde-wvv.de\/index.php?rest_route=\/wp\/v2\/pages\/16","targetHints":{"allow":["GET"]}}],"collection":[{"href":"https:\/\/www.sportfreunde-wvv.de\/index.php?rest_route=\/wp\/v2\/pages"}],"about":[{"href":"https:\/\/www.sportfreunde-wvv.de\/index.php?rest_route=\/wp\/v2\/types\/page"}],"author":[{"embeddable":true,"href":"https:\/\/www.sportfreunde-wvv.de\/index.php?rest_route=\/wp\/v2\/users\/2"}],"replies":[{"embeddable":true,"href":"https:\/\/www.sportfreunde-wvv.de\/index.php?rest_route=%2Fwp%2Fv2%2Fcomments&post=16"}],"version-history":[{"count":4,"href":"https:\/\/www.sportfreunde-wvv.de\/index.php?rest_route=\/wp\/v2\/pages\/16\/revisions"}],"predecessor-version":[{"id":330,"href":"https:\/\/www.sportfreunde-wvv.de\/index.php?rest_route=\/wp\/v2\/pages\/16\/revisions\/330"}],"wp:attachment":[{"href":"https:\/\/www.sportfreunde-wvv.de\/index.php?rest_route=%2Fwp%2Fv2%2Fmedia&parent=16"}],"curies":[{"name":"wp","href":"https:\/\/api.w.org\/{rel}","templated":true}]}}