{"id":15,"date":"2023-07-27T11:18:14","date_gmt":"2023-07-27T11:18:14","guid":{"rendered":"https:\/\/www.sportfreunde-wvv.de\/?page_id=15"},"modified":"2024-03-05T19:20:28","modified_gmt":"2024-03-05T19:20:28","slug":"fahrrad","status":"publish","type":"page","link":"https:\/\/www.sportfreunde-wvv.de\/?page_id=15","title":{"rendered":"Radsport"},"content":{"rendered":"\n<h3 class=\"wp-block-heading\">R\u00fcckblick 2023<\/h3>\n\n\n\n<p>Unser Anradeln am Samstag den 25. M\u00e4rz war eine Sternfahrt von au\u00dferhalb nach W\u00fcrzburg in die Gastst\u00e4tte Herrieden bei gutem Mittagessen.<\/p>\n\n\n\n<p>Die ausgefallenen Maitour haben wir auf den 4. Juni verlegt . Eine Tour von Volkach nach Gaibach zur Konstitutionss\u00e4ule und weiter nach Eichfeld zur Zuckerscheune. Einen Ausflug wert.<\/p>\n\n\n\n<p>Die Augusttour ist auch der Hitze wegen ausgefallen. <\/p>\n\n\n\n<p>Im September dann bei bestem Wetter f\u00fchrt uns der Weg \u00fcber den Gaubahnradweg nach Bolzhausen\/Sonderhofen zum Br\u00fcckenbaron. Tolle Lokation und Essen. R\u00fcckfahrt \u00fcber Giebelstadt &#8211; Fuchsstadt nach Eibelstadt.<\/p>\n\n\n\n<p>Im Oktober fehlten krankheitsbedingt sehr viele deshalb auch keine Tour, schade und gute Genesung.<\/p>\n\n\n\n<h3 class=\"wp-block-heading\">Kontakt und weitere Informationen<\/h3>\n\n\n\n<p>Melden Sie sich gerne bei G\u00fcnther Boss pers\u00f6nlich oder unter<\/p>\n\n\n\n<p>Email: <a href=\"mailto:guenther.boss@t-online.de\">guenther.boss@t-online.de<\/a><\/p>\n","protected":false},"excerpt":{"rendered":"<p>R\u00fcckblick 2023 Unser Anradeln am Samstag den 25. M\u00e4rz war eine Sternfahrt von au\u00dferhalb nach W\u00fcrzburg in die Gastst\u00e4tte Herrieden bei gutem Mittagessen. Die ausgefallenen Maitour haben wir auf den 4. Juni verlegt . Eine Tour von Volkach nach Gaibach zur Konstitutionss\u00e4ule und weiter nach Eichfeld zur Zuckerscheune. Einen Ausflug wert. Die Augusttour ist auch&hellip; <a class=\"more-link\" href=\"https:\/\/www.sportfreunde-wvv.de\/?page_id=15\"><span class=\"screen-reader-text\">Radsport<\/span> weiterlesen<\/a><\/p>\n","protected":false},"author":2,"featured_media":0,"parent":0,"menu_order":0,"comment_status":"closed","ping_status":"closed","template":"","meta":{"footnotes":""},"class_list":["post-15","page","type-page","status-publish","hentry","entry"],"_links":{"self":[{"href":"https:\/\/www.sportfreunde-wvv.de\/index.php?rest_route=\/wp\/v2\/pages\/15","targetHints":{"allow":["GET"]}}],"collection":[{"href":"https:\/\/www.sportfreunde-wvv.de\/index.php?rest_route=\/wp\/v2\/pages"}],"about":[{"href":"https:\/\/www.sportfreunde-wvv.de\/index.php?rest_route=\/wp\/v2\/types\/page"}],"author":[{"embeddable":true,"href":"https:\/\/www.sportfreunde-wvv.de\/index.php?rest_route=\/wp\/v2\/users\/2"}],"replies":[{"embeddable":true,"href":"https:\/\/www.sportfreunde-wvv.de\/index.php?rest_route=%2Fwp%2Fv2%2Fcomments&post=15"}],"version-history":[{"count":3,"href":"https:\/\/www.sportfreunde-wvv.de\/index.php?rest_route=\/wp\/v2\/pages\/15\/revisions"}],"predecessor-version":[{"id":194,"href":"https:\/\/www.sportfreunde-wvv.de\/index.php?rest_route=\/wp\/v2\/pages\/15\/revisions\/194"}],"wp:attachment":[{"href":"https:\/\/www.sportfreunde-wvv.de\/index.php?rest_route=%2Fwp%2Fv2%2Fmedia&parent=15"}],"curies":[{"name":"wp","href":"https:\/\/api.w.org\/{rel}","templated":true}]}}